10101000 (base 2) in base 8?
-250
What is 496 (base 16) in base 10?
1174
8616 (base 11) to base 9
16556
Convert 11001101101011 (base 2) to base 10.
13163
What is 716 (base 9) in base 5?
4312
-5085 (base 9) to base 14
-14dc
694 (base 12) to base 15
451
Convert -2255 (base 6) to base 3.
-201222
Convert 1e4 (base 15) to base 3.
121021
-1766 (base 10) to base 9
-2372
314313 (base 5) to base 16
2957
-604 (base 10) to base 6
-2444
-51445 (base 6) to base 14
-2709
What is -7cb (base 15) in base 6?
-12102
What is -c54 (base 16) in base 3?
-11022220
Convert -20 (base 12) to base 5.
-44
-a3a (base 11) to base 13
-755
Convert 133624 (base 7) to base 12.
12807
What is -332344 (base 5) in base 10?
-11599
11110110110010 (base 2) to base 13
725c
Convert -5061 (base 8) to base 2.
-101000110001
What is 5516 (base 12) in base 5?
300003
What is -2840 (base 9) in base 15?
-97c
What is 13550 (base 7) in base 9?
5072
-247 (base 16) to base 3
-210121
What is -210112 (base 4) in base 2?
-100100010110
4c6 (base 13) to base 6
3514
What is -53 (base 9) in base 4?
-300
Convert -d2 (base 15) to base 8.
-305
What is 5106 (base 7) in base 11?
136a
Convert -2250 (base 12) to base 6.
-25340
What is 6562 (base 8) in base 2?
110101110010
What is -378 (base 10) in base 7?
-1050
What is -11011000100010 (base 2) in base 5?
-420413
Convert -1370 (base 8) to base 3.
-1001011
102a (base 13) to base 6
14201
What is 653 (base 7) in base 12?
238
Convert -556 (base 8) to base 10.
-366
2033 (base 6) to base 9
553
What is -4005 (base 6) in base 12?
-605
What is -11100110 (base 2) in base 10?
-230
2220102002 (base 3) to base 5
3312121
Convert -3911 (base 16) to base 15.
-44de
2022 (base 6) to base 3
121112
What is -15225 (base 9) in base 3?
-112020212
Convert -1534 (base 8) to base 12.
-5b8
Convert -2505 (base 6) to base 3.
-211212
Convert -13201311 (base 4) to base 8.
-74165
117 (base 11) to base 5
1024
Convert 6000 (base 9) to base 16.
1116
What is -232200 (base 4) in base 13?
-147c
Convert 461 (base 7) to base 14.
131
What is -29564 (base 10) in base 3?
-1111112222
Convert 41e (base 16) to base 10.
1054
-9547 (base 11) to base 13
-599c
What is -1793 (base 13) in base 3?
-11210122
Convert -245 (base 10) to base 14.
-137
Convert 340a (base 12) to base 6.
42414
What is 4433 (base 12) in base 3?
101022210
Convert 462 (base 7) to base 6.
1040
Convert -864 (base 13) to base 4.
-112122
What is -11111111001000 (base 2) in base 15?
-4c88
What is 1000010110011000 (base 2) in base 14?
c66c
Convert -62476 (base 8) to base 5.
-1312133
Convert 54615 (base 8) to base 16.
598d
-101001010001010 (base 2) to base 14
-79b4
1001101110110 (base 2) to base 15
1722
What is 7 (base 10) in base 14?
7
What is 1fc (base 16) in base 7?
1324
1052 (base 7) to base 5
3010
-534 (base 7) to base 12
-1a6
What is 65321 (base 8) in base 11?
195aa
59b5 (base 12) to base 16
2759
What is -110101 (base 3) in base 12?
-23a
-436 (base 15) to base 8
-1667
What is 101010000000 (base 2) in base 5?
41223
What is -31b6 (base 14) in base 4?
-2012030
Convert 3478 (base 9) to base 4.
220112
What is -13031 (base 4) in base 9?
-562
Convert -3c4 (base 14) to base 15.
-35a
What is 5291 (base 15) in base 7?
101623
292a (base 11) to base 5
110113
What is 1410a (base 15) in base 6?
1213544
Convert -12a02 (base 11) to base 12.
-a86b
What is fa (base 16) in base 15?
11a
20021 (base 5) to base 14
661
-100011100010 (base 2) to base 14
-b86
What is 3725 (base 9) in base 14?
1025
What is 1165 (base 9) in base 2?
1101100101
-d28 (base 16) to base 8
-6450
Convert -4b7c (base 16) to base 2.
-100101101111100
36046 (base 7) to base 9
13667
212122 (base 3) to base 4
21332
What is -cc7 (base 13) in base 15?
-9b1
a772 (base 12) to base 9
27175
10201111 (base 3) to base 16
a99
Convert -2676 (base 11) to base 4.
-312033
-125055 (base 7) to base 9
-35040
What is 2231 (base 8) in base 9?
1547
What is 1bd (base 15) in base 16?
193
-21101212 (base 3) to base 7
-21506
What is 204121 (base 7) in base 15?
a5ba
-a1b (base 12) to base 14
-767
-1057 (base 8) to base 15
-274
-643 (base 7) to base 11
-276
What is 14408 (base 9) in base 13?
4607
Convert 6a9 (base 11) to base 10.
845
What is 110322 (base 5) in base 9?
5233
What is -5491 (base 12) in base 8?
-22155
What is -212120112 (base 3) in base 10?
-17186
-308 (base 12) to base 13
-27b
Convert -1455 (base 7) to base 9.
-713
Convert -182c (base 15) to base 16.
-1461
Convert -21353 (base 6) to base 16.
-b85
-205777 (base 8) to base 13
-252c6
-221 (base 7) to base 15
-78
What is b7a (base 12) in base 14?
87c
1263 (base 8) to base 4
22303
-25534 (base 7) to base 10
-6787
2a3 (base 16) to base 2
1010100011
-1265 (base 9) to base 5
-12300
Convert 1112200 (base 3) to base 16.
465
821 (base 15) to base 6
12251
What is ac7 (base 13) in base 14?
965
What is 2165 (base 7) in base 8?
1416
Convert -24661 (base 13) to base 4.
-100112323
Convert 6446 (base 10) to base 4.
1210232
What is -772 (base 14) in base 6?
-10452
What is -957 (base 16) in base 8?
-4527
1011110000001 (base 2) to base 13
297b
What is 391 (base 15) in base 3?
1010001
Convert 16010 (base 8) to base 5.
212201
-2332 (base 8) to base 7
-3423
What is 4414 (base 7) in base 9?
2144
11111011 (base 2) to base 10
251
What is 4549 (base 14) in base 9?
17436
What is 5cb (base 13) in base 10?
1012
What is -210313 (base 6) in base 7?
-100314
12975 (base 11) to base 15
5719
6350 (base 15) to base 8
51010
Convert 287 (base 14) to base 4.
13333
What is -101211100 (base 3) in base 5?
-223033
Convert -549 (base 10) to base 7.
-1413
Convert 241144 (base 5) to base 7.
35006
Convert -101101110 (base 2) to base 14.
-1c2
-a6 (base 11) to base 13
-8c
What is -44ed (base 16) in base 15?
-5365
What is 24012 (base 5) in base 12?
1025
Convert -105232 (base 7) to base 4.
-10203103
What is -756 (base 16) in base 9?
-2516
What is 10101012 (base 3) in base 14?
c7c
-1523 (base 8) to base 12
-5ab
-644 (base 14) to base 13
-741
What is -d58 (base 15) in base 12?
-18a8
23835 (base 10) to base 13
ab06
-14243 (base 5) to base 11
-99a
-1980 (base 15) to base 16
-1590
134c4 (base 13) to base 16
8c94
What is 45a (base 11) in base 15?
269
-1332 (base 4) to base 15
-86
422 (base 14) to base 3
1010011
-8699 (base 15) to base 3
-1110002100
What is -935 (base 10) in base 9?
-1248
-1211 (base 5) to base 9
-221
2851 (base 11) to base 5
104221
Convert -121142 (base 5) to base 14.
-192b
What is 2628 (base 10) in base 11?
1a7a
Convert 140410 (base 5) to base 3.
21212020
What is 201011 (base 3) in base 8?
1005
Convert 22510 (base 6) to base 14.
1254
What is -1001101001 (base 2) in base 14?
-321
Convert 14613 (base 10) to base 14.
547b
What is 2261 (base 9) in base 8?
3213
What is -1453 (base 10) in base 15?
-66d
-88a (base 11) to base 6
-4534
-9c1 (base 16) to base 2
-100111000001
387 (base 14) to base 10
707
-89c (base 15) to base 11
-1510
Convert -1670 (base 8) to base 16.
-3b8
Convert -152535 (base 8) to base 9.
-82830
3a65 (base 13) to base 5
231424
21 (base 11) to base 6
35
3012310 (base 4) to base 10
12724
-155d (base 16) to base 7
-21642
Convert 883 (base 13) to base 2.
10110110011
1111100101 (base 2) to base 13
5b9
What is 33112 (base 4) in base 12?
69a
Convert 60b (base 16) to base 12.
a8b
What is c (base 15) in base 3?
110
What is -877 (base 11) in base 6?
-4512
Convert -14101 (base 8) to base 14.
-2397
What is 632 (base 7) in base 12?
225
Convert 342212 (base 5) to base 16.
2f96
Convert 19b7 (base 14) to base 9.
6357
Convert -10110111 (base 2) to base 6.
-503
What is 101000000111 (base 2) in base 10?
2567
Convert 202222 (base 5) to base 11.
4a26
1000000110000 (base 2) to base 10
4144
-11773 (base 12) to base 14
-882b
-213 (base 4) to base 9
-43
Convert -93 (base 16) to base 12.
-103
-2321321 (base 4) to base 13
-5552
-3310001 (base 4) to base 10
-15617
What is -4b (base 14) in base 7?
-124
16122 (base 8) to base 3
100221112
-28674 (base 9) to base 14
-7175
Convert -121001021 (base 3) to base 4.
-2312302
311 (base 6) to base 3
11021
Convert -2221112 (base 3) to base 4.
-201203
6aa (base 11) to base 6
3530
-10250 (base 14) to base 10
-38878
-1928 (base 12) to base 13
-1511
Convert -2403 (base 6) to base 2.
-1001000011
-21111120 (base 3) to base 10
-5469
Convert -20506 (base 11) to base 10.
-29893
Conve